e
Let g(k) = k**3 - 7*k**2 - 13*k. Suppose -3*w - 5*h + 66 = 0, 0*w - 5*w + 5*h = -150. Suppose -2*b = b + x - w, 4*x + 18 = 2*b. Is g(b) a multiple of 15?
True
Let l(s) = -s**3 + 4*s**2 + 16*s - 21. Let q be l(6). Suppose -5*y + 34*n + 5853 = 33*n, 5849 = 5*y - q*n. Is y a multiple of 51?
False
Let b = 1398 + -838. Does 24 divide b?
False
Suppose 4*m - 2*j = 46, -2*m + 7*m - 95 = -5*j. Suppose -m*o + 2632 = -0*o. Is 15 a factor of o?
False
Suppose 3*a - 6*a = 12. Let t(i) = -11*i + 10. Is 9 a factor of t(a)?
True
Let h(z) = z**2 + 8*z + 11. Let u be h(-8). Does 5 divide 2/u + 6 + (-427)/(-11)?
True
Let j(i) = -i**2 - 9*i - 12. Let n be j(-7). Suppose a = 5*v - 21, 4*v + 0 - 14 = -n*a. Suppose -v*o + u - 6*u + 3 = 0, -25 = -5*o - 2*u. Is o a multiple of 7?
True
Suppose 0 = 2*w - 2*q - 9206, -5*q - 3086 = -4*w + 15323. Suppose 26*v - w - 1582 = 0. Does 9 divide v?
False
Let b(x) = x**2 + 3*x - 6. Let v be b(-5). Suppose -q = v*t + 4*q - 161, -3*q = 9. Is t even?
True
Let c(m) = 37*m**3 + 5*m**2 - 60*m + 167. Does 79 divide c(6)?
True
Let j(u) = 8*u**3 - u**2 - 2*u + 2. Let k be j(1). Does 35 divide (-3366)/(-12) + k/(-14)?
True
Suppose -2*t = 51*p - 46*p - 20415, 50889 = 5*t - 4*p. Is t a multiple of 35?
True
Let u = -1048 + 3943. Is u a multiple of 34?
False
Let v(r) = 9 + 44*r + 70 - 31. Let i be v(10). Suppose -11*p + i = -3*p. Is 7 a factor of p?
False
Let k(y) = 3*y - 171*y**3 - 81 + 42 + 43 - 2*y**2. Let d be k(-1). Suppose w - v - 4*v - d = 0, -510 = -3*w - 3*v. Is 27 a factor of w?
False
Let m = -457 + 923. Let u = m - 332. Let q = u + -9. Is q a multiple of 15?
False
Let b = 9 + -14. Let u be ((-6)/10 - -1) + 7/b. Is (-2*33/12)/(u/2) even?
False
Suppose -2*z + 2*c + 3048 + 1116 = 0, 0 = 4*z + 5*c - 8310. Does 5 divide z?
True
Does 4 divide -14*33/((-198)/768)?
True
Let d(b) = 3124*b + 11353. Is 37 a factor of d(5)?
True
Let b = -98 + 100. Suppose 0 = b*u + 3*k - 82, 7*u - 8*u - 4*k + 46 = 0. Suppose 44*s - u*s = 876. Is 23 a factor of s?
False
Suppose -26396 = -5*o - k, 0 = -7*o + 2*k + 9091 + 27877. Is o a multiple of 132?
True
Let f be (3/6 - (-1 + 1))*0. Is 37 a factor of (1 + (f - 9))*185/(-5)?
True
Suppose -7*x - 50*x + 667242 = 0. Does 16 divide x?
False
Suppose -81*a + 63660 = -28818 + 29784. Does 79 divide a?
False
Suppose -43*q + 41*q = -56. Let w = q - 15. Suppose -w*i + 138 = -11*i. Does 32 divide i?
False
Let z(y) = y**3 + 8*y**2 + 4*y + 48. Let n be ((-160)/100)/(2/(10*1)). Is z(n) even?
True
Suppose 2*b + 0*b + 5*r = 3059, r - 3047 = -2*b. Is -5 - 296/(-56) - b/(-14) a multiple of 7?
False
Suppose -2*b + 2*v + 12934 = 0, -2*v - 8*v + 6478 = b. Does 12 divide b?
True
Let r(v) = v**3 - 4*v**2 + v + 16. Let b be r(7). Suppose b - 566 = -9*s. Is 5 a factor of s?
False
Let n(m) = 11*m**2 + 91*m + 2. Is 32 a factor of n(11)?
False
Suppose -5*v + 0*v - 3*v = 0. Suppose 2*m - 357 - 1083 = v. Does 18 divide m?
True
Suppose -5*r = 29*k - 33*k - 8, -3*k - 13 = -2*r. Is 6 + -3 + k - -260 a multiple of 34?
False
Let p = -14 - 40. Let x = p + 134. Suppose -x = 6*n - 7*n. Does 10 divide n?
True
Let g(b) = 29*b + 9. Let c(t) = -4*t - 44. Let y be c(-13). Suppose 101*x - 103*x = -y. Is 25 a factor of g(x)?
True
Let i(v) = -v**3 + 4*v**2 + 14*v - 11. Let d be i(6). Is (68 + d)/(((-60)/8)/(-5)) a multiple of 15?
False
Suppose -9*v + 29*v - 24980 = 0. Is v a multiple of 108?
False
Suppose 0 = -31*l + 49*l - 57132. Does 46 divide l?
True
Let z(v) = -3*v + 26. Let s be z(8). Suppose -5*r + 5865 = -55*i + 52*i, s*r = -4*i + 2372. Is r a multiple of 32?
False
Let d(u) = u**2 - 6*u - 122. Let p be d(14). Does 14 divide (-2)/(p/(-3195)*-1) - -5?
True
Let r(j) = j. Suppose 0 = 2*y - 3*c + 3, -3 = -4*y - 3*c. Suppose -2*b + 2*t + 14 = 0, -2*b - 2*t = -y*b - 22. Is r(b) a multiple of 2?
False
Let i(o) = -o**3 - 43*o**2 + 37*o - 15. Is i(-45) a multiple of 3?
True
Is 149 a factor of -9105*32/(-80) - 1*-4?
False
Let y(l) = 2*l**2 + l - 2. Let w(o) = 13*o**3 + 16*o**2 + 9*o - 8. Let a(d) = -w(d) + 5*y(d). Is a(-4) a multiple of 15?
True
Let t(g) = -g**3 + 38*g**2 - 192*g - 102. Is 13 a factor of t(24)?
True
Let u be ((-27)/(-15) + -3)*(23 + -1023). Suppose 3*c = 5*m - u, 3*m = -9*c + 4*c + 720. Does 30 divide m?
True
Is ((-60687)/(-36) - 2)*3920/84 a multiple of 25?
True
Is 13 a factor of 7*(716796/(-84))/(-9)?
False
Let t(u) be the first derivative of -u**5/20 + 5*u**4/12 - u**3/6 + u**2/2 - 14*u + 20. Let f(d) be the first derivative of t(d). Is f(2) a multiple of 10?
False
Let b(k) = -k**3 - 5*k**2 - 7*k - 1. Let n be b(-3). Suppose 2*d = l - 634, -n*d - 3*d = 2*l - 1304. Is 38 a factor of l?
False
Let v(i) = 5*i + 6*i + 9*i**2 + 13*i - 19*i + 20. Let s be v(-5). Let g = s - 71. Is 20 a factor of g?
False
Suppose 5*n + u = 3*u - 7, 3*n + u + 2 = 0. Let g(i) = -7*i + 767 - 765 - 8*i. Does 3 divide g(n)?
False
Let y be (-2)/(36/(-102)) - 2/3. Suppose 4*d - 1066 = -3*p, 0*d = -2*d + y*p + 546. Is 26 a factor of d?
False
Let v(l) = -26*l - 2 + 11*l - 20*l - 6*l. Let r be v(1). Is 8 a factor of (-6 - r) + (2 - 6)?
False
Does 16 divide (13 - 14/(546/481)) + (-201904)/(-3)?
False
Suppose -7*g + 6*g + 88 = 0. Suppose -d = -g + 4. Is d a multiple of 4?
True
Let y be -38*(348/(-8))/(-3). Let l = y + 1311. Does 20 divide l?
True
Let u(q) be the first derivative of -11*q**2/2 - 25*q - 1. Let w be -7 + 0 - 0*7/(-42). Does 8 divide u(w)?
False
Let i = -1 - -13. Suppose -4*n + i = -5*j, n - 5*n = -2*j - 12. Does 17 divide 51*((-15)/9 + n)?
True
Let h be (-3)/(-2)*6/(-9)*1. Is 11*(15 + 4) - h a multiple of 15?
True
Let l(n) = -n**2 + 18*n + 2. Let m be l(18). Suppose 0 = -3*x + f + 400, 10*f - 290 = -m*x + 6*f. Does 15 divide x?
True
Is (-496)/(-3)*(-6)/(-1*(7 - 6)) a multiple of 4?
True
Suppose 96*q - 50*q = 48*q - 20650. Is q a multiple of 175?
True
Let s = -3533 + 3958. Is s a multiple of 9?
False
Let o be 0 - (2/10*0 - -9). Does 14 divide 225/(-81) + 3 + (-2392)/o?
True
Suppose 19 + 77 = 2*t. Let o = 249 + -137. Let x = o - t. Is 16 a factor of x?
True
Let u be (6 - -12)*(3676/(-3))/(-2). Does 18 divide u/14 + (-5)/(210/(-12))?
False
Let r be (5 - -10)/(-5) + 1136. Let n = r - 803. Is 22 a factor of n?
True
Let n(q) = q**2 - q + 10. Let c be n(-4). Let o = 30 - c. Suppose 3*p = 4*t - o*t - 187, 0 = p + 5. Is 8 a factor of t?
False
Let c(n) = 18*n**2 - 17*n + 56. Let x(a) = -54*a**2 + 50*a - 168. Let y(m) = -17*c(m) - 6*x(m). Is y(4) a multiple of 19?
False
Let j = 4517 - 3365. Is j a multiple of 19?
False
Suppose -25*i + 42222 = 6*i. Suppose i = 6*u + 96. Does 21 divide u?
False
Suppose -2*j = i - 15037, -454*i + 15 = -449*i. Is j a multiple of 76?
False
Suppose 0 = -4*r + g - 3*g - 628, 0 = 2*g. Is -1 - (-6 - (0 - 5)) - r a multiple of 16?
False
Suppose -973 = -4*l + 1427. Let f = l - 328. Suppose 0*k = -2*k + f. Is 17 a factor of k?
True
Let t(a) = -43*a + 86*a + 73 - 45*a. Does 24 divide t(20)?
False
Let m(v) = -v + 21. Suppose -27 + 27 = -4*p. Suppose l - 3*z = -p*l - 32, 3*z = 2*l + 52. Is m(l) a multiple of 6?
False
Let g(l) = -l**2 + 134*l + 67. Is 80 a factor of g(42)?
False
Let p = 1924 - 1139. Suppose 5*m - p = -105. Is m a multiple of 34?
True
Suppose 43*z - 20790 = 40*z. Suppose -16*w - z = -38*w. Is w a multiple of 59?
False
Let i(d) = -21*d + 38. Let q be i(-13). Suppose -2*j - 45 + q = 0. Does 7 divide j?
True
Let f(d) = d**3 - 7*d**2 + 13*d + 9. Let n be f(8). Suppose -636 = 173*h - n*h. Is h a multiple of 31?
False
Suppose -3*c + 525 = -6*c. Let o be 12 + -7 + 74/(-2). Let f = o - c. Does 11 divide f?
True
Let w = -29 - -29. Suppose w = -15*y + 11*y + 12. Let s(k) = 21*k + 5. Is s(y) a multiple of 34?
True
Let d(w) = -2*w + 14. Let z(k) = -3*k + 36. Let s be z(7). Let h be d(s). Let n = h - -22. Is n a multiple of 6?
True
Let j(f) = 10*f**2 - 2 + 1 + 0*f + 3 + f**3 + 9*f. Let u be j(-9). Suppose 0*n = -2*n + 4*x - u, 0 = n + 5*x - 20. Does 3 divide n?
False
Let o be (-1878)/(-15) - (-2)/(-10). Let w(n) = -2*n**2 - 5*n**2 - n**3 - o*n + 139*n + 12. Is 12 a factor of w(-9)?
True
Let c be 4*(-225)/(-36) - (-4)/(-1). Suppose c*t - 16*t = 6000. Is 24 a factor of t?
True
Let j be -8 + 230/30 + (-2600)/(-6). Let r = -96 + j. Is r a multiple of 9?
False
Let c(w) = 5*w + 40. Let y be c(-8). Suppose -2*s - 11 + 991 = y. Is 14 a factor of s?
True
Let 